is -631 - 5b785?
-601b6
In base 15, what is 5 - -2ea52a1?
2ea52a6
In base 16, what is -8 + -65fa67?
-65fa6f
In base 7, what is 1335 - 61060?
-56422
In base 5, what is -14103203 + -244?
-14104002
In base 9, what is -3651 + 60562?
55811
In base 6, what is -2101141101 - -1?
-2101141100
In base 13, what is -18cc85 + 53?
-18cc32
In base 14, what is -6a80 + -69?
-6b09
In base 10, what is 566 - 92422?
-91856
In base 13, what is -832 + -6566?
-7098
In base 12, what is -11b828 + 5?
-11b823
In base 10, what is 2465967 + 20?
2465987
In base 2, what is 0 + 100110111011100000110?
100110111011100000110
In base 7, what is 16044 + 1552163?
1601240
In base 3, what is -1201 - -222021211?
222020010
In base 10, what is 1 - -4650810?
4650811
In base 10, what is -169632616 - -1?
-169632615
In base 14, what is -16da83 - 3?
-16da86
In base 11, what is 156221737 - 4?
156221733
In base 2, what is 100 + 1000001101101100100100100010?
1000001101101100100100100110
In base 16, what is -4 + -813c188?
-813c18c
In base 5, what is 11330040124 - -10?
11330040134
In base 14, what is 4 + 6255bb?
6255c1
In base 6, what is 25455404422 + 1?
25455404423
In base 16, what is 3f - 102cb4b?
-102cb0c
In base 10, what is -18330050 + 40?
-18330010
In base 6, what is 2055240003 - -2?
2055240005
In base 15, what is -2ee95 + 2e?
-2ee66
In base 3, what is -12222 - 1111120010100?
-1111120100022
In base 11, what is -1758 - 4908?
-6565
In base 7, what is -545113516 - 1?
-545113520
In base 16, what is 33266f2 + -5?
33266ed
In base 13, what is 173b91c + -4?
173b918
In base 3, what is -21122 - 10100020111?
-10100112010
In base 15, what is 31c9 - -1a17?
4be1
In base 15, what is -657b9 + 36?
-65783
In base 5, what is -13333 + 2431233?
2412400
In base 9, what is 1 + -5771270?
-5771268
In base 5, what is 43 + -1044342?
-1044244
In base 3, what is -1200 - 12210000012?
-12210001212
In base 4, what is -21211013020 + -10?
-21211013030
In base 16, what is 1e296e + 8?
1e2976
In base 3, what is -1200 + -2021121201?
-2021200101
In base 2, what is 10111101 - 11010101000111101101?
-11010101000100110000
In base 15, what is d8 + -1eca?
-1de2
In base 15, what is -2a3e6 - 4?
-2a3ea
In base 7, what is -313665232 + 1?
-313665231
In base 10, what is -2 + 8714913?
8714911
In base 6, what is -20022 - -5053452?
5033430
In base 16, what is -3021eed - -2?
-3021eeb
In base 5, what is 12 + -13140430043?
-13140430031
In base 2, what is 10001111010101 - -11111101011100001?
100001111010110110
In base 10, what is 371 + 1214655?
1215026
In base 12, what is 38001 - b01?
37100
In base 5, what is -40200 - -40343?
143
In base 2, what is -1111000 - 111010100010000?
-111010110001000
In base 14, what is 4 + -1186ab?
-1186a7
In base 8, what is -15011 + -33531?
-50542
In base 8, what is 11 + -5453070?
-5453057
In base 9, what is 366736 - 1770?
364856
In base 11, what is -77a - 5971?
-6640
In base 3, what is 10020001101000 - -200000?
10020002001000
In base 3, what is -10222121101 + -102101?
-11000000202
In base 3, what is 11021102120 + 100201?
11021210021
In base 16, what is 32 + 42ac64?
42ac96
In base 15, what is c1 + -7d98?
-7cc7
In base 8, what is 24455 - -10274?
34751
In base 12, what is 224455b + -27?
2244534
In base 16, what is 6 + -19a4269?
-19a4263
In base 10, what is 24178 - -4078?
28256
In base 5, what is -31 + -33243031?
-33243112
In base 12, what is a + -1221b76?
-1221b68
In base 2, what is 111111101 + -101001011001100?
-101000011001111
In base 3, what is 11 + 20210220102222112?
20210220102222200
In base 4, what is -3000322321 + -10?
-3000322331
In base 13, what is 1a9 - -94bb?
9697
In base 16, what is 5 + -15f34e?
-15f349
In base 8, what is 3646 - -213460?
217326
In base 11, what is -90a - -156?
-764
In base 13, what is -1059 - -7479?
6420
In base 13, what is 14256 + 4007?
18260
In base 6, what is 221 - 5233213?
-5232552
In base 16, what is -4 + 1eeb0b2?
1eeb0ae
In base 6, what is -14 + -1245341304?
-1245341322
In base 11, what is -28aa0096a - 4?
-28aa00973
In base 7, what is 2245623364 - -2?
2245623366
In base 5, what is 11 + -1423144013?
-1423144002
In base 15, what is a9 + 1507b0?
150869
In base 12, what is a2a45 + 2?
a2a47
In base 16, what is -12584e - 1?
-12584f
In base 12, what is -20584874 + -5?
-20584879
In base 2, what is -11010100010 - -101101?
-11001110101
In base 9, what is -5183322 + 6?
-5183315
In base 14, what is -39b7 - -192a?
-208b
In base 15, what is 1e - 4519c5?
-4519a6
In base 6, what is 3 + -110341133?
-110341130
In base 6, what is -13552213 + -1?
-13552214
In base 3, what is -202 - 12212011112?
-12212012021
In base 7, what is -44 - 3263242?
-3263316
In base 9, what is -120413626 - -2?
-120413624
In base 7, what is -12122420 - -10?
-12122410
In base 13, what is -64364a0 + 11?
-643648c
In base 9, what is 63284 + 63?
63357
In base 10, what is -131 + -911367?
-911498
In base 7, what is -252546423 - 4?
-252546430
In base 4, what is -100033 + 2032320033?
2032220000
In base 7, what is -10140 + -1340614?
-1351054
In base 16, what is 4bf10 + -2?
4bf0e
In base 9, what is 8 + 2711344?
2711353
In base 13, what is 80527 + 3a?
80564
In base 14, what is c28831 - -3?
c28834
In base 8, what is 115254763 + -2?
115254761
In base 5, what is -1 - 2013200221?
-2013200222
In base 16, what is -1 - 27fe2a?
-27fe2b
In base 3, what is -2 - -1121221110112122?
1121221110112120
In base 5, what is 2012043242 + -3?
2012043234
In base 12, what is 6 + 1557859?
1557863
In base 12, what is -24a29991b - 1?
-24a299920
In base 3, what is -110210122122121010 + 1?
-110210122122121002
In base 8, what is 0 + 626042067?
626042067
In base 16, what is 9099d + 0?
9099d
In base 11, what is 17851 - 211?
17640
In base 16, what is 8e - -383874?
383902
In base 4, what is 10 + -32323320322?
-32323320312
In base 12, what is 14b6 + -34a?
1168
In base 9, what is -73435886 + 13?
-73435873
In base 16, what is 270416 - -2d?
270443
In base 4, what is -1201232100 + 111133?
-1201120301
In base 6, what is -31115134 - -3?
-31115131
In base 12, what is -1203a - 5a29?
-17a67
In base 15, what is -146532 + -196?
-1466c8
In base 9, what is 2 - -610035?
610037
In base 4, what is -2131010 + 1303010?
-222000
In base 3, what is 100002101 + -121221012?
-21211211
In base 13, what is -22 - -1005c63?
1005c41
In base 12, what is 11b38 + 274?
121b0
In base 3, what is 10200220212 - 102?
10200220110
In base 12, what is 5 - -25281876?
2528187b
In base 13, what is -66 - 7695?
-772b
In base 16, what is 289ec7 + -a?
289ebd
In base 11, what is -2202844 + 9?
-2202836
In base 6, what is 15141130 - 143?
15140543
In base 4, what is 30 - -231012010023?
231012010113
In base 6, what is 0 - 155411000?
-155411000
In base 4, what is 11 + 10311332033?
10311332110
In base 8, what is -333 + -6127056?
-6127411
In base 16, what is -3 - -11bf2bf?
11bf2bc
In base 9, what is 1004 + 107627?
108632
In base 3, what is -101001122001000 + 11?
-101001122000212
In base 11, what is 112 - 25a5a?
-25948
In base 10, what is -433858 + -853?
-434711
In base 16, what is -2abe17ce - -2?
-2abe17cc
In base 6, what is -51454 - 3054?
-54552
In base 15, what is 2 + 670b31?
670b33
In base 12, what is 104 + -53b1?
-52a9
In base 8, what is 2 - -6064554?
6064556
In base 6, what is -130112 + -1220?
-131332
In base 3, what is -21100000 - -2222?
-21020001
In base 7, what is 0 + 110230246?
110230246
In base 6, what is -33 - 1013140244?
-1013140321
In base 4, what is -23 + 200123102?
200123013
In base 6, what is 1 - 10303511?
-10303510
In base 6, what is 10410430 - -301?
10411131
In base 10, what is -2961 + -13188?
-16149
In base 8, what is -350423 + -7101?
-357524
In base 3, what is 110 + 22121100002?
22121100112
In base 8, what is 10561257 - -6?
10561265
In base 13, what is -352184 + 37?
-35214a
In base 3, what is -1012212122210000101 + 2?
-1012212122210000022
In base 6, what is -134103110 - -13?
-134103053
In base 12, what is 558426b7 - -3?
558426ba
In base 3, what is -1211211212222 - -111?
-1211211212111
In base 16, what is 1f4b23 + -c?
1f4b17
In base 9, what is -58 - 265464?
-265533
In base 3, what is -100010121 + -222101202?
-1022112100
In base 14, what is 1697cba0 - 2?
1697cb9c
In base 16, what is 2a84a - -401?
2ac4b
In base 9, what is -360462 - 2785?
-363357
In base 12, what is 7604372 - -5?
7604377
In base 9, what is -4 - 378